hat is the remainder when 695 is divided by 98?
9
What is the remainder when 1327 is divided by 35?
32
Calculate the remainder when 171 is divided by 25.
21
Calculate the remainder when 43 is divided by 13.
4
What is the remainder when 149 is divided by 83?
66
Calculate the remainder when 350 is divided by 21.
14
What is the remainder when 230 is divided by 214?
16
Calculate the remainder when 356 is divided by 67.
21
Calculate the remainder when 11108 is divided by 22.
20
What is the remainder when 316 is divided by 53?
51
Calculate the remainder when 1311 is divided by 82.
81
What is the remainder when 130 is divided by 14?
4
What is the remainder when 212 is divided by 100?
12
What is the remainder when 5076 is divided by 5?
1
What is the remainder when 66 is divided by 31?
4
Calculate the remainder when 260 is divided by 214.
46
Calculate the remainder when 402 is divided by 72.
42
What is the remainder when 1231 is divided by 22?
21
What is the remainder when 1529 is divided by 85?
84
What is the remainder when 116 is divided by 39?
38
What is the remainder when 254 is divided by 5?
4
Calculate the remainder when 263 is divided by 131.
1
Calculate the remainder when 372 is divided by 177.
18
Calculate the remainder when 125 is divided by 15.
5
Calculate the remainder when 623 is divided by 25.
23
Calculate the remainder when 209 is divided by 3.
2
What is the remainder when 1004 is divided by 30?
14
What is the remainder when 258 is divided by 29?
26
What is the remainder when 12325 is divided by 46?
43
What is the remainder when 999 is divided by 91?
89
What is the remainder when 402 is divided by 9?
6
What is the remainder when 72 is divided by 27?
18
What is the remainder when 677 is divided by 68?
65
What is the remainder when 153 is divided by 42?
27
What is the remainder when 1341 is divided by 48?
45
Calculate the remainder when 5764 is divided by 93.
91
What is the remainder when 54 is divided by 16?
6
What is the remainder when 2926 is divided by 18?
10
What is the remainder when 387 is divided by 377?
10
What is the remainder when 489 is divided by 474?
15
Calculate the remainder when 735 is divided by 92.
91
What is the remainder when 1674 is divided by 104?
10
What is the remainder when 1141 is divided by 25?
16
What is the remainder when 1947 is divided by 13?
10
What is the remainder when 467 is divided by 24?
11
Calculate the remainder when 47 is divided by 10.
7
Calculate the remainder when 697 is divided by 114.
13
Calculate the remainder when 6101 is divided by 235.
226
Calculate the remainder when 190 is divided by 48.
46
What is the remainder when 355 is divided by 171?
13
What is the remainder when 88 is divided by 31?
26
Calculate the remainder when 554 is divided by 15.
14
What is the remainder when 96 is divided by 61?
35
What is the remainder when 828 is divided by 163?
13
Calculate the remainder when 1441 is divided by 132.
121
Calculate the remainder when 649 is divided by 41.
34
Calculate the remainder when 1180 is divided by 238.
228
Calculate the remainder when 1062 is divided by 59.
0
What is the remainder when 3428 is divided by 123?
107
What is the remainder when 2583 is divided by 17?
16
Calculate the remainder when 1363 is divided by 43.
30
Calculate the remainder when 1682 is divided by 840.
2
Calculate the remainder when 225 is divided by 57.
54
Calculate the remainder when 151 is divided by 27.
16
Calculate the remainder when 253 is divided by 32.
29
What is the remainder when 725 is divided by 14?
11
Calculate the remainder when 151 is divided by 3.
1
What is the remainder when 3495 is divided by 70?
65
Calculate the remainder when 758 is divided by 8.
6
Calculate the remainder when 304 is divided by 171.
133
Calculate the remainder when 6823 is divided by 195.
193
Calculate the remainder when 277 is divided by 70.
67
Calculate the remainder when 270 is divided by 60.
30
What is the remainder when 2601 is divided by 6?
3
Calculate the remainder when 332 is divided by 86.
74
Calculate the remainder when 53 is divided by 10.
3
What is the remainder when 408 is divided by 153?
102
What is the remainder when 74504 is divided by 12?
8
What is the remainder when 13 is divided by 3?
1
Calculate the remainder when 80 is divided by 14.
10
Calculate the remainder when 575 is divided by 72.
71
What is the remainder when 691 is divided by 24?
19
Calculate the remainder when 409 is divided by 69.
64
Calculate the remainder when 798 is divided by 204.
186
What is the remainder when 95 is divided by 16?
15
What is the remainder when 661 is divided by 15?
1
Calculate the remainder when 13679 is divided by 45.
44
Calculate the remainder when 5575 is divided by 180.
175
What is the remainder when 113 is divided by 6?
5
What is the remainder when 2621 is divided by 67?
8
What is the remainder when 62 is divided by 24?
14
What is the remainder when 36 is divided by 9?
0
Calculate the remainder when 29978 is divided by 9.
8
Calculate the remainder when 1597 is divided by 5.
2
Calculate the remainder when 230 is divided by 79.
72
What is the remainder when 216 is divided by 143?
73
Calculate the remainder when 123 is divided by 7.
4
Calculate the remainder when 81 is divided by 44.
37
Calculate the remainder when 88 is divided by 33.
22
Calculate the remainder when 238 is divided by 16.
14
What is the remainder when 164 is divided by 4?
0
What is the remainder when 1153 is divided by 210?
103
What is the remainder when 120 is divided by 33?
21
What is the remainder when 857 is divided by 37?
6
What is the remainder when 149 is divided by 44?
17
What is the remainder when 304 is divided by 34?
32
Calculate the remainder when 295 is divided by 79.
58
Calculate the remainder when 176 is divided by 20.
16
Calculate the remainder when 229 is divided by 105.
19
Calculate the remainder when 1051 is divided by 261.
7
What is the remainder when 43 is divided by 5?
3
What is the remainder when 582 is divided by 179?
45
Calculate the remainder when 513 is divided by 11.
7
What is the remainder when 1324 is divided by 115?
59
What is the remainder when 655 is divided by 22?
17
What is the remainder when 188 is divided by 54?
26
Calculate the remainder when 296 is divided by 96.
8
What is the remainder when 50 is divided by 35?
15
Calculate the remainder when 2570 is divided by 26.
22
What is the remainder when 273 is divided by 92?
89
What is the remainder when 106 is divided by 4?
2
Calculate the remainder when 960 is divided by 390.
180
What is the remainder when 170 is divided by 44?
38
Calculate the remainder when 5226 is divided by 218.
212
Calculate the remainder when 64 is divided by 35.
29
Calculate the remainder when 43 is divided by 4.
3
What is the remainder when 709 is divided by 218?
55
Calculate the remainder when 597 is divided by 61.
48
Calculate the remainder when 628 is divided by 80.
68
What is the remainder when 211 is divided by 71?
69
What is the remainder when 1410 is divided by 467?
9
What is the remainder when 61 is divided by 7?
5
Calculate the remainder when 1420 is divided by 684.
52
Calculate the remainder when 192 is divided by 35.
17
What is the remainder when 1236 is divided by 124?
120
What is the remainder when 2292 is divided by 1146?
0
Calculate the remainder when 958 is divided by 927.
31
Calculate the remainder when 369 is divided by 28.
5
What is the remainder when 47 is divided by 16?
15
What is the remainder when 2277 is divided by 76?
73
Calculate the remainder when 41003 is divided by 29.
26
What is the remainder when 398 is divided by 81?
74
Calculate the remainder when 1767 is divided by 301.
262
What is the remainder when 173 is divided by 16?
13
What is the remainder when 528 is divided by 134?
126
Calculate the remainder when 243 is divided by 54.
27
What is the remainder when 225 is divided by 12?
9
Calculate the remainder when 1195 is divided by 63.
61
Calculate the remainder when 281 is divided by 47.
46
Calculate the remainder when 25 is divided by 23.
2
Calculate the remainder when 786 is divided by 132.
126
What is the remainder when 227 is divided by 57?
56
What is the remainder when 265 is divided by 38?
37
Calculate the remainder when 107 is divided by 22.
19
Calculate the